9639 is divided by 1406?
1391
What is the remainder when 619839 is divided by 82?
1
What is the remainder when 224402 is divided by 91?
87
Calculate the remainder when 133679 is divided by 66762.
155
Calculate the remainder when 3018092 is divided by 28.
0
What is the remainder when 4401657 is divided by 19917?
0
Calculate the remainder when 1599184 is divided by 179.
177
Calculate the remainder when 141784 is divided by 70888.
8
Calculate the remainder when 14103024 is divided by 15.
9
Calculate the remainder when 763153 is divided by 3761.
3431
What is the remainder when 52319 is divided by 7367?
750
Calculate the remainder when 41351 is divided by 20471.
409
What is the remainder when 39055 is divided by 4874?
63
What is the remainder when 23239292 is divided by 23239285?
7
Calculate the remainder when 30341461 is divided by 30341461.
0
Calculate the remainder when 95577 is divided by 1029.
909
What is the remainder when 1087305 is divided by 274?
73
What is the remainder when 170387 is divided by 371?
98
Calculate the remainder when 21571 is divided by 1196.
43
Calculate the remainder when 118067519 is divided by 160.
159
Calculate the remainder when 847877 is divided by 95.
2
Calculate the remainder when 1639347 is divided by 113.
56
Calculate the remainder when 65758 is divided by 16435.
18
What is the remainder when 656037 is divided by 1264?
21
Calculate the remainder when 8214599 is divided by 39304.
63
Calculate the remainder when 4303796 is divided by 391254.
2
Calculate the remainder when 1451806 is divided by 5556.
1690
Calculate the remainder when 40236237 is divided by 3319.
0
Calculate the remainder when 189405 is divided by 7377.
4980
What is the remainder when 819770 is divided by 2328?
314
What is the remainder when 1059392 is divided by 271?
53
Calculate the remainder when 7892171 is divided by 16.
11
Calculate the remainder when 16521403 is divided by 617.
611
What is the remainder when 3556475 is divided by 47?
32
What is the remainder when 6768515 is divided by 505?
0
What is the remainder when 1312946 is divided by 104?
50
Calculate the remainder when 1146954 is divided by 151.
109
Calculate the remainder when 4501062 is divided by 3264.
6
What is the remainder when 127082 is divided by 121?
32
Calculate the remainder when 9815549 is divided by 6.
5
Calculate the remainder when 1397806 is divided by 118.
96
Calculate the remainder when 58730259 is divided by 94.
93
What is the remainder when 14723194 is divided by 24?
10
What is the remainder when 7695265 is divided by 1923813?
13
Calculate the remainder when 162985 is divided by 13920.
9865
What is the remainder when 545306 is divided by 431?
91
What is the remainder when 172521075 is divided by 7500916?
7
What is the remainder when 361698 is divided by 401?
397
What is the remainder when 1835613 is divided by 863?
12
What is the remainder when 172626048 is divided by 97090?
28
Calculate the remainder when 87059 is divided by 1617.
1358
Calculate the remainder when 17649 is divided by 7961.
1727
What is the remainder when 21282 is divided by 5986?
3324
What is the remainder when 11351252 is divided by 1135125?
2
Calculate the remainder when 5600194 is divided by 300.
94
Calculate the remainder when 1679186 is divided by 104.
2
What is the remainder when 24951385 is divided by 308?
305
Calculate the remainder when 508902 is divided by 263.
260
What is the remainder when 1036417 is divided by 224?
193
Calculate the remainder when 2772421 is divided by 22540.
1
What is the remainder when 367037 is divided by 742?
489
What is the remainder when 1446729 is divided by 81?
69
What is the remainder when 6160779 is divided by 8128?
7883
Calculate the remainder when 96731 is divided by 2009.
299
What is the remainder when 1833812 is divided by 33?
2
Calculate the remainder when 19063 is divided by 2380.
23
What is the remainder when 746346 is divided by 968?
18
Calculate the remainder when 4440262 is divided by 1043.
211
What is the remainder when 28347949 is divided by 173?
169
Calculate the remainder when 6467776 is divided by 221.
211
Calculate the remainder when 8139496 is divided by 24.
16
What is the remainder when 492411 is divided by 10237?
1035
What is the remainder when 159406 is divided by 39807?
178
What is the remainder when 1145898 is divided by 1630?
8
What is the remainder when 102109173 is divided by 1849?
1846
What is the remainder when 3224633 is divided by 75?
8
Calculate the remainder when 984 is divided by 730.
254
What is the remainder when 19764206 is divided by 16?
14
Calculate the remainder when 85667195 is divided by 321.
320
Calculate the remainder when 159236 is divided by 58.
26
What is the remainder when 3094756 is divided by 474?
10
Calculate the remainder when 38240 is divided by 32.
0
What is the remainder when 618503 is divided by 3751?
3339
What is the remainder when 21082966 is divided by 17?
8
Calculate the remainder when 22634 is divided by 2088.
1754
What is the remainder when 548036 is divided by 28843?
19
Calculate the remainder when 225797 is divided by 1807.
1729
What is the remainder when 21982 is divided by 5288?
830
Calculate the remainder when 1501908 is divided by 6.
0
Calculate the remainder when 2076203 is divided by 962.
207
Calculate the remainder when 2441791 is divided by 2332.
187
What is the remainder when 414438 is divided by 613?
50
What is the remainder when 6370187 is divided by 132712?
11
What is the remainder when 74213 is divided by 519?
515
Calculate the remainder when 592330 is divided by 161.
11
Calculate the remainder when 8986031 is divided by 119812.
131
Calculate the remainder when 598652 is divided by 26774.
9624
What is the remainder when 133156 is divided by 22123?
418
Calculate the remainder when 2053255 is divided by 14869.
1333
Calculate the remainder when 17090960 is divided by 10466.
10448
Calculate the remainder when 86850 is divided by 10812.
354
What is the remainder when 398389 is divided by 2165?
29
Calculate the remainder when 330888 is divided by 110251.
135
Calculate the remainder when 124325 is divided by 18.
17
What is the remainder when 308121 is divided by 87?
54
Calculate the remainder when 32798 is divided by 702.
506
Calculate the remainder when 350747 is divided by 1177.
1
Calculate the remainder when 199526 is divided by 6879.
35
What is the remainder when 152097390 is divided by 7116?
6
Calculate the remainder when 3539119 is divided by 1066.
1065
Calculate the remainder when 410639253 is divided by 18.
15
Calculate the remainder when 1049347 is divided by 174857.
205
Calculate the remainder when 92613 is divided by 1888.
101
What is the remainder when 18637645 is divided by 150?
145
What is the remainder when 33858 is divided by 1422?
1152
What is the remainder when 2088827 is divided by 15359?
3
Calculate the remainder when 10835 is divided by 10363.
472
Calculate the remainder when 2608851 is divided by 8052.
3
What is the remainder when 75459564 is divided by 88?
4
What is the remainder when 3016923 is divided by 1782?
1779
Calculate the remainder when 117479949 is divided by 49.
48
What is the remainder when 2060126820 is divided by 7192?
7188
What is the remainder when 7038677 is divided by 2413?
2369
Calculate the remainder when 379247 is divided by 189509.
229
Calculate the remainder when 14172856 is divided by 179.
173
What is the remainder when 87922 is divided by 7317?
118
What is the remainder when 231010 is divided by 25602?
592
Calculate the remainder when 3306848 is divided by 413298.
464
Calculate the remainder when 13704925 is divided by 1522769.
4
Calculate the remainder when 546814 is divided by 111.
28
What is the remainder when 504142 is divided by 162?
160
Calculate the remainder when 1102080 is divided by 367329.
93
Calculate the remainder when 59619742 is divided by 1335.
1312
Calculate the remainder when 3277319 is divided by 1092395.
134
Calculate the remainder when 323547 is divided by 9206.
1337
What is the remainder when 120598 is divided by 1147?
163
Calculate the remainder when 45746 is divided by 6326.
1464
What is the remainder when 968501 is divided by 21041?
615
What is the remainder when 1847692 is divided by 62?
30
Calculate the remainder whe